 3. Suppose -3*r + 5 = -2*j, 2*r + 2*j + j = -1. What is d(r)?
1
Let h(v) be the third derivative of -v**5/60 + 7*v**4/24 - v**3/6 + 255*v**2. Determine h(8).
-9
Let s(y) = -16 - 11 + 3*y - y - 6 - 10*y. What is s(-4)?
-1
Let f(d) be the second derivative of -d**5/20 + d**4/3 - d**3/6 - d**2/2 + 236*d. Calculate f(4).
-5
Let q(p) be the second derivative of -7*p**3/6 - p**2 + 2*p + 2. Calculate q(-2).
12
Let v(w) = 11*w**2 + 9*w - 19. Let j(a) = -5*a**2 + 2*a. Let z(o) = -2*j(o) - v(o). Determine z(-15).
-11
Let p(q) = 3 - 1 - 2*q + 3*q. Let g be (24/21 + -2)/((65/35)/13). Calculate p(g).
-4
Let l(y) = -4*y**2 - 11*y - 13. Let m(f) = 2*f - f + 11*f - 8*f**2 + 14 + 13*f**2. Let r(p) = -6*l(p) - 5*m(p). Give r(7).
1
Let h = 378 - 368. Let u(t) = -t**2 + 13*t - 22. Calculate u(h).
8
Let v(z) = -75 - 10 + 20 + z**2 - 4*z. Give v(-6).
-5
Let j(r) = -r - 8. Let g = 79 - 74. Let b(f) = -f - 7. Let v(i) = g*b(i) - 6*j(i). Determine v(-9).
4
Let y(u) be the first derivative of -u**4/4 - 7*u**3/3 - 3*u**2 + 6*u - 4. Suppose 4*t = 5*t - 5*a + 6, -5*t + 2*a = 30. Calculate y(t).
6
Let g = -163 + 482. Let q(j) = -309 + g + 0*j + 0*j + 3*j. Give q(-7).
-11
Let g = 149 + -140. Let q(m) = -m**3 + 8*m**2 + 9*m - 2. Determine q(g).
-2
Let y(o) = o**3 + 5*o**2 + 5*o + 1. Let i be y(-3). Let b(c) = -c**2 + c + 5. Calculate b(i).
-7
Let h(f) = -2*f**2 + f + 1. Let u(k) = 11*k**2 - 2*k - 11. Let i(q) = 6*h(q) + u(q). Calculate i(5).
-10
Let s(w) be the first derivative of 2*w**3/3 + 2*w**2 - w + 23. What is s(-3)?
5
Let j(f) = -3 + 71*f**3 - 72*f**3 - 3*f**2 - f**2 - f. Calculate j(-4).
1
Let p(h) = -3*h - 2. Let s(r) = r - 3*r + 3*r + 0*r. Let u be s(-1). Let a be (0 + u - -1) + -5. Give p(a).
13
Let g be (-45)/(-21) + (-1)/7. Let u(f) be the third derivative of 0 + 1/120*f**6 + 3*f**2 + 0*f - 1/20*f**5 - 1/2*f**3 + 1/8*f**4. Calculate u(g).
-1
Let f(z) = -z - 5. Suppose -12*h - 138 = 18. What is f(h)?
8
Let u(r) be the second derivative of -1/6*r**3 - r - 1/12*r**4 + 0 + 2*r**2. Suppose -5 = 3*v + 5*h, -3 - 1 = 4*v + 4*h. What is u(v)?
4
Suppose 0 = 4*l - 0*l + 4*d + 12, -5*d - 15 = 0. Let p(i) = -i**2 + i - 10. Let c be p(l). Let s(x) = x**3 + 9*x**2 - 9*x + 9. Calculate s(c).
-1
Suppose -2*y + 0*y + 6 = 0. Let v(i) = -5*i + 5. Let l = -27 + 23. Let d(u) = -4*u + 4. Let g(x) = l*d(x) + 3*v(x). Calculate g(y).
2
Let q(a) = -6*a**2 - 1. Let f = 11 - 5. Let l be 1/4 - f/(-8). What is q(l)?
-7
Let s(z) = 5 + z**3 + 4*z**2 + 4*z**2 + 3*z**2 + 3*z - 15*z**2. Suppose -2*j + 55 = 47. Determine s(j).
17
Let z(k) be the second derivative of -k**4/12 - k**3/6 + k**2 + 25*k. What is z(-3)?
-4
Let c(u) = 2*u**2 - 8*u + 3. Let q be c(6). Let l = -65 + q. Let i = l - -33. Let f(x) = 2*x + 5. Calculate f(i).
-5
Suppose -2*k + 60 = 8*k. Let l(m) = -3*m + 6. Calculate l(k).
-12
Let a(v) = -3*v**3 - v**2 - v - 2. Suppose -32*k - 4 = -30*k. What is a(k)?
20
Let p(y) = 12*y**3 - 14*y**2 + 6*y - 4. Let i(z) = 19*z**3 - 21*z**2 + 9*z - 6. Let c(w) = -5*i(w) + 8*p(w). Give c(6).
-20
Let g(v) = -v**2 - 7*v - 6. Let d be g(-7). Let h = -3 - d. Let m(a) = 6*a**2 - 8*a - 19. Let t(c) = 4*c**2 - 5*c - 14. Let j(x) = -5*m(x) + 7*t(x). Give j(h).
-6
Let z(q) = 5*q + 4. Let m(s) = -4*s - 4. Let j(n) = 6*m(n) + 5*z(n). Let r be (-3)/2 - 13/(182/35). Calculate j(r).
-8
Let w(q) = -q**2 + 18*q + 15. Let v be (0 + 1)*(-4)/(28/(-133)). Determine w(v).
-4
Let i(n) = 4*n + 4. Let x be i(5). Suppose 0 = 5*h - z - x, 2*z + 28 = 4*h - z. Let d(b) = -2*b - 6 + 2 + 4*b. Give d(h).
4
Let v(j) = j - 2. Let t be v(8). Suppose -t - 3 = -3*o. Let a(n) = -1 + 39*n**2 - 9*n**o - 20*n**2 - 19*n**2 + 2*n. Calculate a(1).
-8
Let x(w) = 3 - 2*w**2 + 2255*w - 1125*w - 1126*w. Calculate x(-3).
-27
Let i be 40/6 - 1/(-3). Let x(c) be the third derivative of c**4/24 - 5*c**3/3 + 382*c**2 - 4*c. Determine x(i).
-3
Let z(j) = 3*j**2 - 3*j. Let h = 13 - 10. Let x be 0 + -5 + 2 + h. Suppose -b - b + 4 = x. Determine z(b).
6
Let j(w) = 4*w**3 - 7*w**2 + 3*w + 2. Let a(r) = -3*r**3 + 6*r**2 - 3*r - 1. Let o(p) = -5*a(p) - 4*j(p). Calculate o(-3).
-3
Let f(u) be the second derivative of -u**4/12 - 7*u**3/6 - u**2 - 11*u + 2. Determine f(-7).
-2
Let k(b) = 2*b + 22 + b**3 + 33*b**2 - 47*b**2 - 3*b - 2. Give k(14).
6
Suppose -4*v - m = 12, v - 26 = 4*v + 5*m. Let w(r) = -r**3 - 4*r**2. Determine w(v).
-8
Suppose 0 = 11*g - 16*g - 5*o - 55, 5*g - 4*o + 64 = 0. Let z(r) = -r**3 - 13*r**2 - 13*r - 14. Give z(g).
-2
Let d be 1*1/(-2) - 5/(-2). Let c(v) = -3*v**2 - 6*v**2 + 4*v**d + 4*v**2. Give c(2).
-4
Suppose 87 - 23 = -8*b. Let o(v) be the first derivative of v**4/4 + 7*v**3/3 - 5*v**2 - 9*v - 2. Calculate o(b).
7
Let m(y) = 3*y - 17 - 17 - 26 + 83 - 20. Give m(-8).
-21
Let y(b) = -b**3 - 5*b**2 + 11*b + 24. Let k be y(-6). Let n(r) be the first derivative of -1/3*r**3 + 3*r - 3*r**2 + 2. Give n(k).
3
Let r(x) = -63*x + 100*x - 36*x + 2 - 26. Calculate r(19).
-5
Let w(f) = -53 + 15 + 13 + 8 + 18*f**3 + f**2 + 16. Calculate w(1).
18
Let l(q) = -q**2 + 9*q - 4. Let d(v) = 3*v**3 + 18*v - 58 - 17*v**2 - 2*v**3 + 34. Let m = -21 + 37. Let b be d(m). What is l(b)?
4
Let g be (-7 - -4)/((-1)/(-7)*7). Let p(q) = -q - 5. Calculate p(g).
-2
Let q(t) = t. Let y be (20/1)/4 + -6. Let z(m) = 6*m. Let b(d) = y*z(d) + 5*q(d). What is b(2)?
-2
Let y(q) be the first derivative of 1/2*q**2 - q**4 - 23 + 0*q**3 + 0*q. Give y(1).
-3
Let r = 17 - 17. Let l(j) = 10 - 6*j + 8*j - j. Determine l(r).
10
Let o(q) = -q + 1. Let h be o(4). Let z be 2 + -2 + h - 1. Let j(m) be the third derivative of -m**6/120 - m**5/15 - m**3/6 - 18*m**2 - 17. Calculate j(z).
-1
Let t(f) = -f**2 + 5*f. Let l = 9 + -1. Suppose -l*k + 3*r = -3*k - 23, -r + 4 = 0. Give t(k).
-14
Let s(d) = d**3 - 12*d**2 - 13*d - 7. Let q = 325 - 312. Determine s(q).
-7
Let w(o) = 3*o + 1. Let y(d) = 3*d**2 + 5*d - 2. Let z(a) = -4*a**2 - 6*a + 3. Let p(s) = 3*y(s) + 2*z(s). Let b be p(-2). Give w(b).
-5
Let b(w) = 7*w + 2 - 3*w + 2*w + 0. What is b(1)?
8
Let i(t) = 10*t - 26. Let g be i(3). Let p(l) = -l + 3. Determine p(g).
-1
Let o = 5 + -14. Let j(v) = -v**3 - 10*v**2 - 9*v - 2. Let z be j(o). Let q(c) = 2*c**3 + 3*c**2 - 2. Determine q(z).
-6
Let k(w) = -111 + w + 6*w**2 + 334 - 111 - 117 - w**3. Let a(d) = -d**3 - 5*d**2 - 2*d - 4. Let v be a(-5). What is k(v)?
1
Let r(n) be the third derivative of n**4/24 - n**3/6 - 98*n**2. Determine r(-9).
-10
Suppose -4*r - 26 = -22. Let a(u) = -4*u**3 - u**2 - u - 1. Let k be a(r). Let f(c) = -c**3 + 3*c**2 - 2*c - 1. Calculate f(k).
-7
Let o(s) = s - 3. Suppose -3*y = 3*q - 3 - 36, -2*q - 37 = -5*y. What is o(y)?
6
Let g be (16/(-6))/((-504)/27 - -19). Let z(k) = k**3 + 8*k**2 + k + 10. Calculate z(g).
2
Suppose -3*z + 35 = 4*h, -5*z - 5 = -4*h - 2*z. Suppose -17 = -h*k + 3. Let l(i) = -5*i + 4 + 2*i + 0*i + k*i. Calculate l(4).
8
Suppose -2*f - f = i - 5, 0 = 2*f. Let c = i + 1. Let m(z) = -2*z + z + z**2 + 6 - z - c*z. Calculate m(6).
-6
Suppose 2*a - 11 = -3. Let x(j) = 95382 + j**3 + 0*j - 4*j**2 - 95385 - j + 3*j. Calculate x(a).
5
Let i(w) be the second derivative of -w**5/20 + 11*w**4/12 + 5*w**3/2 - 17*w**2/2 - 293*w. Give i(12).
19
Let v(d) = 11*d + 13. Let u be v(5). Suppose 69*j = u*j - 5. Let y(m) be the third derivative of m**6/120 + m**5/10 + 5*m**4/24 + 2*m**3/3 + m**2. What is y(j)?
4
Let m(d) = -d. Let q(v) = -4*v**2 - 2*v**3 - 1 - 3*v**2 + v**3. Let x = 569 - 576. Let g be q(x). What is m(g)?
1
Suppose -2*n + 4 = -12. Suppose -n - 2 = -5*q. Let t(m) = 5*m**3 - 6 + 4*m**2 - q*m - 3*m**3 - m**3 + 0*m. What is t(-4)?
2
Let w = 27 + -14. Suppose -10*c = -w*c + 15. Suppose g - 7 = -3*j, 0*g + 5*j - c = -3*g. Let d(r) = -r**2 - 6*r + 1. Give d(g).
6
Suppose -5 = -5*g - 3*n, 3*g + 0*n = -5*n + 19. Let b be (13/g + 6)/(2/(-28)). Let z(f) = -f**2 + 5*f - 6. Give z(b).
-20
Let o(l) = -l**2 - 6*l - 1. Let g be o(-5). Let m be (9/15)/(-2 - (-33)/15). Let k(a) = 3*a - 2 - 2*a + m*a - 1. Give k(g).
13
Let v(r) be the first derivative of 1/3*r**3 + 4 - r + 2*r**2. Let n be v(-3). Let o(f) = f**2 + 2*f - 3. What is o(n)?
5
Let d(p) = -5*p**3 - p**2 + 1. Let a(o) = -14 + 4*o**2 + 0*o**3 - 5*o**2 - 18*o**2 + 20*o + o**3. Let h be a(18). Let r = h - 21. Determine d(r).
-5
Suppose -17*l = -23*l - 156. Let t be 3/9 - l/(-6). Let k(h) be the thir